et v = k + 0. What is the tens digit of v?
2
Let h(n) = -n**3 - 2*n**2 + 2*n + 3. Let g be h(-3). Suppose 3*m = g*m - 108. What is the units digit of m?
6
Let f be 430/14 - (-2)/7. Let m = 50 - f. Suppose m - 1 = 2*h. What is the units digit of h?
9
Suppose -3*r + 16 = r. Suppose -k = -1, -r*x + 60 = -x + 3*k. What is the units digit of x?
9
Let f(u) = -2*u - 1. Let m be f(-1). What is the tens digit of (-2 - m) + 21 + -4?
1
What is the hundreds digit of 1 + (-3 - (-10 - -3)) + 173?
1
Let c(n) = 5*n**2 - 1. Let d be c(1). Suppose 0 = -4*b + 3*w + 97, 2*w - d = -2. What is the tens digit of b?
2
Let x(l) = l**2 + 3*l - 9. Let w(t) = -2*t + 7. Let k be w(7). What is the units digit of x(k)?
9
Suppose -3*m = -m - 4. Let h be m*-15*1*-1. Suppose -5*c - 5 = -h. What is the units digit of c?
5
Let q(v) be the first derivative of -v**4/4 + 2*v**3/3 + 3*v**2/2 - 2*v + 3. What is the units digit of q(2)?
4
Suppose 0 = q - 4*x + 17 - 0, 4*q - 22 = -2*x. Let m(t) = 4*t - 4. Let j be m(q). Let h = j + 10. What is the tens digit of h?
1
Let c = -18 - -21. What is the units digit of (23 - (3 - 2)) + c?
5
Let t = 249 - 122. Suppose -2*n - 17 = -t. Suppose 6*d = d + n. What is the tens digit of d?
1
Suppose -m - 3*m + 52 = 0. Let j = 3 + m. What is the tens digit of j?
1
Let n be 1/4 - 81/(-12). Let f = n - 4. What is the units digit of f?
3
Let a be 10/(-25) - (-62)/5. Suppose -13*z + a = -12*z. What is the tens digit of z?
1
Suppose 1 = b - 1. Suppose 0 = -3*g - b*g + 55. What is the units digit of g?
1
What is the units digit of -2 - (-268 + 2 + 2)?
2
Suppose 3 + 12 = 5*u. Suppose 0 = -2*t - 3*q + 26, -u*q - 6 = -2*t - q. What is the units digit of t?
7
Suppose d = 5*d - 20. Suppose 24 = d*g - 1. What is the units digit of g?
5
Let o = -1 + 2. What is the units digit of 2 + (-28)/((-2)/o)?
6
Let z(b) = 3*b - 5. Let h(y) = 6*y - 10. Let i(d) = 4*h(d) - 7*z(d). What is the tens digit of i(5)?
1
Suppose -5*d + 3*a + 37 = 0, -3*a - 11 - 1 = 0. Let n(i) = 5*i**2 + 0 - i**3 + 8 - 3. What is the units digit of n(d)?
5
Let m(r) = r**3 + 13*r**2 - 2*r - 13. Let d(o) = o**2 - 7*o - 7. Let t be d(6). What is the tens digit of m(t)?
1
Let c(a) = -27*a. What is the units digit of c(-2)?
4
Let q(a) = -2*a**3 - 5*a**2 - 5*a - 8. Let r(d) = d**3 + 6*d**2 + 6*d + 9. Let u(l) = 2*q(l) + 3*r(l). Let p = -15 - -24. What is the units digit of u(p)?
2
What is the tens digit of (3 + -2 - 2)*-113?
1
Let q(w) = -w + 3. Let s = 6 + -6. Let r be q(s). Suppose -5*g = -d + 27, -g + 22 = 2*d - r*g. What is the units digit of d?
7
What is the tens digit of (-1 - -6)*(-60)/(-12)?
2
Let x = 113 - 57. What is the tens digit of x?
5
Let p(i) = -2*i**3 + 10*i**2 + 10*i - 1. Let d(j) = 5*j**3 - 20*j**2 - 21*j + 1. Let a(k) = 3*d(k) + 7*p(k). What is the units digit of a(-9)?
4
Let i(l) = 5*l**2 + l - 1. Let b be (-1 - 5)/(-3) - 1. Let r(q) = q**2. Let p(t) = b*i(t) - 3*r(t). What is the units digit of p(2)?
9
Let l(c) = -c**2 + 9*c + 2. Let z be l(9). Suppose 5*o - 10 = -z*j + 3*o, -3*j = -4*o - 15. What is the units digit of j?
5
Let h(q) = 4*q. Let u be h(-1). Let z(m) = 4*m - 13. Let a(v) = 2*v - 7. Let d(f) = 7*a(f) - 4*z(f). What is the tens digit of d(u)?
1
Let v(i) = -1 - 10 + 6 + 3*i - 5*i. What is the units digit of v(-6)?
7
Let r(v) = v - 1. Let j be r(1). Suppose 0 = 4*s + s - 4*c - 65, s + 3*c - 13 = j. What is the units digit of s?
3
Let a(k) = k**3 - 4*k**2 + 2*k. Let y be a(4). What is the units digit of 322/y - (-1)/(-4)?
0
Let j = -12 - -26. What is the tens digit of j?
1
Suppose -2*z = -3*c + 4, -z - 5*c = -0 + 2. Let h = z - -4. What is the units digit of (-186)/(-14) + h/(-7)?
3
Let n = -35 + 52. What is the units digit of n?
7
Suppose -c + 2*c + 3 = -5*m, 0 = 3*c + m - 5. Suppose -y + c = -2*v + 6, 0 = -3*v - 5*y - 7. What is the units digit of 8 - v/(-1)*2?
0
Let w(v) = -7*v**2 + 3*v + 9. Let o(r) = 10*r**2 - 4*r - 13. Let i(y) = 5*o(y) + 7*w(y). Let a be i(0). What is the tens digit of (-3 - 3)*4/a?
1
Suppose d + 4 - 2 = 3*t, 4*t = 3*d + 1. What is the units digit of d?
1
What is the units digit of ((-144)/30)/((-9)/30)?
6
Suppose u + 32 = 3*u. Suppose -1 = 3*r - u. Suppose 0*q + 45 = r*q. What is the units digit of q?
9
What is the tens digit of (-1)/(-3*4/420)?
3
Let m be -4 + (-3)/3*-8. What is the units digit of (-4)/(-32)*m*68?
4
Let l(u) = -3*u**3 + 19*u**2 - 29. Let o(p) = 2*p**3 - 13*p**2 + 19. Let x(y) = 5*l(y) + 8*o(y). Let s = -5 - -14. What is the units digit of x(s)?
7
Let c = -445 + 730. What is the units digit of c?
5
Let b(v) = 3*v**2 + 2*v + 3. What is the tens digit of b(3)?
3
Let w be 21 + -2 + 3 + 0. Let m = 25 - w. What is the units digit of m?
3
Let j(w) = -w**3 + 7*w**2 - w + 9. Let p be j(7). Let c(b) = 1 + 2*b**p - 2 + 0*b - 2*b. What is the units digit of c(-1)?
3
Let i = -40 - -161. Let v = i + -86. What is the tens digit of v?
3
Suppose 2*l - 263 = -3*g - 4, -2*g = -3*l + 356. What is the units digit of l?
2
Let u be (3 + 1)/2*2. What is the tens digit of u*(2 - 33/(-12))?
1
Suppose -80 = -6*d + 4*d. Let r = d - 26. What is the tens digit of r?
1
Let o(h) = h + 1. Let d be o(-5). Let m = -6 - d. Let r = 4 + m. What is the units digit of r?
2
Let j be 45/6*10/15. Suppose 4*g - 2*t - 6 = -4*t, 4*g = -3*t + j. What is the units digit of g?
2
What is the units digit of 273/6 - 4/(-8)?
6
Suppose 2*h - 4 + 0 = 0. What is the units digit of h?
2
Let o(b) = -21*b**3 + b**2 - b - 2. What is the tens digit of o(-1)?
2
Let b = 10 - 1. Suppose b*z - 4*z = -2*m + 65, -4*m + 5*z = -55. What is the units digit of m?
0
Let b(d) = -d + 1. Let l be b(-3). Suppose 0 = k - u - l - 1, 20 = -5*u. What is the units digit of -1*k*(-5 - -1)?
4
Let t(z) = -48*z - 12. What is the units digit of t(-3)?
2
Suppose -4 = 3*n - 13. Suppose -5*c = 2*l - 31, -4*c + 36 = -l - n*l. What is the units digit of c?
7
Suppose -5*q - 17 = -3*m + 24, 4*m = 2*q + 78. What is the tens digit of m?
2
Let n(o) = o + 4. Let d(j) = 3*j + 7. Let x(t) = -2*d(t) + 5*n(t). What is the units digit of x(0)?
6
Let j be ((-40)/(-16))/(3/(-30)). Let k = j - -67. What is the units digit of k?
2
Let a be 2/(-10) - (-237)/(-15). Let w be (-4)/a + 230/8. Let u = w - 21. What is the units digit of u?
8
Suppose 2*v = -2*z + 3*v + 97, -v = -3*z + 146. What is the tens digit of z?
4
Let o(k) be the third derivative of k**5/60 - k**4/6 + 7*k**3/6 + 2*k**2. Let b be o(7). What is the units digit of b/(-6)*(-18)/12?
7
Let g(o) = -2*o + 9. Let p be g(8). Let t = p + 11. What is the units digit of t?
4
Suppose -g - g = 0. Let w = 1 + g. What is the units digit of w - (-5)/(10/12)?
7
Let d be (10/(-15))/((-1)/3). Suppose -98 = -3*i - d*v, 0*i + 5*i + 2*v = 158. What is the units digit of i?
0
Let j be 21 - 1 - (3 + -1). Suppose 0 = -5*o + 14 + 6. Suppose -o*l = -30 - j. What is the units digit of l?
2
Suppose 0 = -3*s - s - 2*f + 1216, s + 4*f - 318 = 0. What is the hundreds digit of s?
3
Let q = -14 - -28. What is the units digit of q?
4
Let r be (-1)/(-5) + 8/10. What is the units digit of 2/4*(r - -23)?
2
Suppose -3*d = 99 + 3. Let k = 2 - d. What is the units digit of k?
6
Let w(f) = 4*f + 8. Let y be w(8). Suppose 4*u + 0*u = -y. Let d = u + 14. What is the units digit of d?
4
Let t(d) = d**2 - 9*d - 12. Let b(h) = h**3 + 2. Let v be b(2). Let q be t(v). What is the units digit of -13*(1 + 0 + q)?
3
What is the units digit of (1 - -1)*5 + -3?
7
Let u = 0 + 2. Suppose 4*g - w = 5, u*g - 10 = 3*w - 5*w. Suppose 0 = -3*k - 5*x + g*x + 18, x = 4. What is the units digit of k?
2
Suppose -5*j = -0*j - 5*z - 310, 2*j = -2*z + 140. Suppose 3*y = -4*u + 5*y + j, -2*y = 2*u - 24. What is the units digit of u?
5
What is the units digit of ((-30)/8)/((-9)/168)?
0
What is the units digit of (-24)/10*(-10)/4?
6
Let x = 3 + -1. Suppose 3*t - 17 = -4*c, -5*t - 2*c = -t - 6. What is the units digit of t/((x + -1)/(-3))?
3
Suppose 13 = 5*g + 4*w, 5*g = 4*w + 16 + 21. Suppose -g*v = -5*f + 135, 6*f - 2*f - 109 = 3*v. What is the tens digit of f?
2
Let x(i) = -i**3 - 24*i**2 - 2*i + 25. What is the units digit of x(-24)?
3
Let y(n) = -3*n - 7. Let b(k) = -k**2 - 8*k - 7. Let i be b(-8). Let l be y(i). Let g = -4 + l. What is the tens digit of g?
1
Let u(w) = 3*w - 1. Let m be u(-3). Let x(z) be the first derivative of z**4/4